 l(r) = -3*r + 57. Let p = 24 + -17. Calculate the remainder when l(g) is divided by p.
3
Let y be 5/2*64/20. Let t = y - 30. Calculate the remainder when 53 is divided by t/2*(-6 + 15/3).
9
What is the remainder when 579 is divided by (-692)/(-10) - (-40)/(-1900)*57?
35
Let h(n) = -4*n**2 + 26*n + 356. Calculate the remainder when 74 is divided by h(13).
2
Let j be ((-56)/(-24))/((-2)/6). Let s = 2 - j. What is the remainder when (210/(-25))/(-5 - 144/(-30)) is divided by s?
6
Let b(j) = 10*j**2 - 6*j - 13. Let u = 12 + -10. Suppose 6 = -4*i + u, 2*f = -i + 383. Calculate the remainder when f is divided by b(-2).
36
Suppose -4*x + 107 = 87. Suppose 0 = 2*n - 0*n - x*v - 17, 4*n + v = 1. Suppose k + 0 = n. Calculate the remainder when 6 is divided by k.
0
Suppose 8*v - 5284 = 4*b + 10*v, 4*b - 4*v = -5308. Calculate the remainder when b/(-6 + -1) + 0 is divided by 24.
21
Suppose 147*t - 458 = 8068. Calculate the remainder when 1330 is divided by t.
54
Let u = -8095 + 8772. What is the remainder when 1360 is divided by u?
6
What is the remainder when 3578 is divided by (-4)/(0 - -2)*(-160 + -15)/35?
8
Suppose -9 = -3*i + 3*f, 0 = -i - 3*f - 2 - 3. Let j be 0/22 + i*4. Suppose -m = j*m - 115. Calculate the remainder when 67 is divided by m.
21
Let l = 2157 + -2140. What is the remainder when 196 is divided by l?
9
Suppose 4*k - 24 = -0*k + g, -4*k + 8 = 3*g. Suppose -3*z = -5*o - 125, -3*z + 76*o + 117 = 73*o. Calculate the remainder when z is divided by k.
0
Suppose -7*o - 10*o = -51. Let a = 160 - 144. Suppose 2*k + 2*d = a, -3*d + 2 - 3 = -2*k. What is the remainder when k is divided by o?
2
Let y(b) = -2180*b + 32705. What is the remainder when 45/(-2)*(-2)/1 is divided by y(15)?
0
Let s(i) = -i**3 + 6*i**2 + 9*i - 13. Let w be s(7). Suppose 0 = -3*u + 17 + w. Suppose -3*j + 40 = -17. Calculate the remainder when j is divided by u.
1
Suppose 177*k - 172*k - 5*x = 90, -4*k + 2*x = -76. What is the remainder when 1354 is divided by k?
14
Suppose -73 = -3*l + 3*a + 335, -5*l = 2*a - 708. Let k = 156 - l. What is the remainder when 48 is divided by k?
0
Suppose 25061 = 19*o - 16492. What is the remainder when o/12 + 22/(-88) is divided by 27?
20
Let o = -534 + 142. Suppose 0 = -n + 3 + 9. What is the remainder when (-4)/((o/(-231))/(-14)) is divided by n?
9
Suppose -6*b - 3*d = -5*b - 6467, 4*d = -32. Calculate the remainder when b is divided by 56.
51
Let x(v) = -v**3 - 51*v**2 - 253*v + 22. What is the remainder when x(-46) is divided by 64?
56
Suppose -7*h + 5*h - t + 118 = 0, -5*t - 222 = -4*h. Calculate the remainder when h is divided by 1*2 - (-11)/((-55)/(-130)).
2
Let i = -12 + 11. Let w be (17 - (2 + -4)) + i. Calculate the remainder when 618/w + (-4)/3 is divided by 12.
9
Suppose -5*h = 0, -3*f + 2*h = h - 12. Suppose -5*i - 7 = -s - i, f*s - 67 = 3*i. What is the remainder when 244 is divided by s?
16
Let l = 1743 + -1503. Calculate the remainder when l is divided by 114.
12
Suppose -5*n + 5*i + 50 = 0, 5*i + 25 - 5 = 2*n. Suppose -243 + 235 = -4*h, u + 2 = 4*h. What is the remainder when n is divided by u?
4
Let a(t) = 9*t + 50. Suppose i + 2*i + 5*o - 8 = 0, -2*i + 4*o = -20. Calculate the remainder when 184*(3/i - 0) is divided by a(-2).
28
Suppose 38*r - 33*r + 6*l - 1081 = 0, 434 = 2*r + 2*l. Calculate the remainder when 723 is divided by r.
60
Suppose 271*i = -5*o + 276*i + 3005, 5*i = -4*o + 2404. Calculate the remainder when o is divided by 122.
113
Suppose 0 = 2*u + 10, -4*f + 22 = -6*f - 2*u. Suppose p + 196 = -2*o, o + 60 + 31 = -4*p. Calculate the remainder when 19 is divided by o/f*(-2)/(-3).
8
Suppose -5*f - v + 199 = 0, -2*f - f + 137 = 5*v. Suppose 0*m - 110 = 5*m. Let k = -2 - m. Calculate the remainder when f is divided by k.
19
Let d be (-11)/(-11)*8/(-2 + 4). Suppose 13*q - d*q = 0. Suppose q = -4*s + 3*s + 121. Calculate the remainder when s is divided by 42.
37
Suppose 0 = 5*m + 2*p + 2615, -12*m - 3*p - 2099 = -8*m. Let v = -352 - m. Calculate the remainder when v is divided by 43.
40
Suppose -o - 4 = -r, 8*r + 3*o - 9 = 4*r. What is the remainder when 1776 is divided by r?
0
Let c = -2018 + 2106. Suppose -5*i + 7*z = 2*z - 110, -z = 4. What is the remainder when c is divided by i?
16
Suppose 2*m + 3*c - 779 = 0, 5*m - 569 = 5*c + 1341. Suppose -n - m = -4*s, -5*s - n + 479 = -0*n. What is the remainder when 575 is divided by s?
95
Let x(s) = 28*s**2 - 52*s - 58. Calculate the remainder when 1212 is divided by x(3).
34
Let m = -25 - -46. Let k(n) be the second derivative of 11*n**3/3 + 14*n**2 + 101*n. What is the remainder when m is divided by k(-1)?
3
Let v be (7/1)/(2/(-14)). Suppose -15*j = -8*j + 273. Let d = j - v. Calculate the remainder when 49 is divided by d.
9
Let m = -320 - -633. Let v = m + -218. Calculate the remainder when v is divided by 14.
11
Let s(r) = -14*r**3 - r**2 + 3*r - 2. Let y be s(1). What is the remainder when 50 is divided by 6*(-5)/(-10) - y?
16
Suppose 16 = -9*w + 11*w. Let t(d) = -d + 62. What is the remainder when t(-8) is divided by w?
6
Let o = -62 + 69. Suppose -o*n = -85 + 295. Let l = n + 59. Calculate the remainder when 171 is divided by l.
26
Let t = 883 + 369. Calculate the remainder when t is divided by 78.
4
Suppose -232 + 211 = -n. Calculate the remainder when 18*7/n - -139 is divided by 52.
41
Suppose -20*m + 22*m - 887 = -5*n, 0 = -4*n + 20. What is the remainder when m is divided by 85?
6
Suppose -3*c = 2*g - 11, 5*c - 8 + 33 = 0. Let h = 1 - -4. Suppose 2*z + 3*z - 101 = i, 4*i - 121 = -h*z. What is the remainder when z is divided by g?
8
Let b be ((-6)/6 - 3)/((-1)/2). Suppose -94 + 422 = b*o. What is the remainder when o is divided by 18?
5
Suppose 2*h = -z - 4*z + 35, -3*h = 4*z - 35. Suppose -497 = -19*t + 415. Let g = t - 39. Calculate the remainder when g is divided by z.
4
Suppose 154 = 2*x - 2*v, 4*v = 3*x + 83 - 317. Calculate the remainder when x is divided by 10/4*49/(8330/204).
2
What is the remainder when ((-218548)/(-40))/11 - -1*(-6)/(-20) is divided by 34?
21
Let n = -208 - -218. Suppose 458 - 108 = n*t. What is the remainder when t is divided by 10?
5
Let j = -23 - -41. Suppose -14*z + 42 = -140. Calculate the remainder when j is divided by z.
5
Let v be ((-2)/(-6))/(13/117). What is the remainder when ((-17)/(-4))/(v/192) is divided by 25?
22
Let z(p) = -p**3 + p**2 + 18. Let w be 48/(-5)*(-75)/(-10). Let y = 141 + w. What is the remainder when y is divided by z(0)?
15
Calculate the remainder when 2 - 1 - (11 + -177)/2 is divided by 10.
4
Suppose 0 = -46*x + 52*x - 318. Let u(a) = a**3 - 20*a**2 + 89*a + 21. What is the remainder when x is divided by u(7)?
4
Let s(c) = c**3 + c**2 - 12*c + 1. Suppose v = -2 + 6. Let o be s(v). Suppose -3*l + o + 27 = 0. What is the remainder when l is divided by 12?
8
Suppose 6*k - 2*k - 5*o = 3366, k - 4*o - 836 = 0. What is the remainder when k is divided by 174?
148
Let m = -5497 - -6110. What is the remainder when m is divided by 28?
25
Suppose 43*y = -18*y + 99003. What is the remainder when y is divided by 25?
23
Let l = 781 - 762. What is the remainder when 116 is divided by l?
2
Let r = 36829 + -36611. Calculate the remainder when r is divided by 55.
53
Suppose -2*h + 423 = -3*c, 5*c + 219 = h + c. Calculate the remainder when h is divided by 195.
12
Suppose -312 + 600 = 16*o. Suppose 7*c - o = 5*c - 3*g, 0 = 3*c + 4*g - 26. Calculate the remainder when 42 is divided by c.
0
Suppose 24 = -4*h, -361*h + 357*h = p - 320. Calculate the remainder when 699 is divided by p.
11
What is the remainder when (-13)/((-195)/126)*10 is divided by (10/6)/(-4 + (-111)/(-27))?
9
Let c = 5917 + -3040. Calculate the remainder when c is divided by 180.
177
Suppose -928*a - 1924 - 21692 = -946*a. What is the remainder when a is divided by 144?
16
Suppose p = -4*i + 29 + 686, 174 = i + 5*p. Suppose 159*n - i*n = -320. What is the remainder when 109 is divided by n?
13
Let j(k) = 434*k**2 - 1 - 46*k - 221*k**2 - 1 - 15 - 216*k**2. Calculate the remainder when 439 is divided by j(-13).
69
Suppose 0 = d + 4*k - 378 - 480, d - 5*k - 876 = 0. Calculate the remainder when d is divided by 228.
182
Let z be (-8)/(-20) - 786/15. Let p = 55 + z. Suppose 3 = 3*q - 3*w, -2*q - p*w = -3*q - 9. Calculate the remainder when 9 is divided